{"id":34,"date":"2025-04-28T19:28:35","date_gmt":"2025-04-28T19:28:35","guid":{"rendered":"https:\/\/firelineelektrotechniek.nl\/?page_id=34"},"modified":"2025-05-05T17:26:19","modified_gmt":"2025-05-05T17:26:19","slug":"over-ons","status":"publish","type":"page","link":"https:\/\/firelineelektrotechniek.nl\/index.php\/over-ons\/","title":{"rendered":"Over ons"},"content":{"rendered":"\t\t<div data-elementor-type=\"wp-page\" data-elementor-id=\"34\" class=\"elementor elementor-34\">\n\t\t\t\t<div class=\"elementor-element elementor-element-055f05d e-flex e-con-boxed e-con e-parent\" data-id=\"055f05d\" data-element_type=\"container\">\n\t\t\t\t\t<div class=\"e-con-inner\">\n\t\t\t\t<div class=\"elementor-element elementor-element-c52b522 elementor-widget elementor-widget-heading\" data-id=\"c52b522\" data-element_type=\"widget\" data-widget_type=\"heading.default\">\n\t\t\t\t<div class=\"elementor-widget-container\">\n\t\t\t\t\t<h2 class=\"elementor-heading-title elementor-size-default\">Over ons - Fireline Elektrotechniek B.V.<\/h2>\t\t\t\t<\/div>\n\t\t\t\t<\/div>\n\t\t\t\t\t<\/div>\n\t\t\t\t<\/div>\n\t\t<div class=\"elementor-element elementor-element-f48d476 e-flex e-con-boxed e-con e-parent\" data-id=\"f48d476\" data-element_type=\"container\">\n\t\t\t\t\t<div class=\"e-con-inner\">\n\t\t\t\t<div class=\"elementor-element elementor-element-675060b elementor-widget elementor-widget-text-editor\" data-id=\"675060b\" data-element_type=\"widget\" data-widget_type=\"text-editor.default\">\n\t\t\t\t<div class=\"elementor-widget-container\">\n\t\t\t\t\t\t\t\t\t<p class=\"\" data-start=\"178\" data-end=\"483\"><strong data-start=\"178\" data-end=\"211\">Fireline Elektrotechniek B.V.<\/strong> is d\u00e9 specialist in elektrotechnische installaties en brandmeldsystemen voor bedrijven en utiliteitsprojecten.<br data-start=\"322\" data-end=\"325\" \/>Met een stevige basis van vakmanschap en ervaring realiseren wij installaties die volledig voldoen aan de strengste normen voor veiligheid en betrouwbaarheid.<\/p><p class=\"\" data-start=\"485\" data-end=\"879\">Onze kracht ligt in het <strong data-start=\"509\" data-end=\"536\">ontzorgen van bedrijven<\/strong>: vanaf het eerste advies tot en met de volledige oplevering van de installatie.<br data-start=\"616\" data-end=\"619\" \/>Wij focussen uitsluitend op het ontwerpen en aanleggen van nieuwe installaties \u2014 onderhoud en keuringen laten wij bewust over aan gespecialiseerde partners. Zo houden wij de aandacht volledig op wat we het beste kunnen: <strong data-start=\"839\" data-end=\"879\">bouwen en installeren zonder zorgen.<\/strong><\/p>\t\t\t\t\t\t\t\t<\/div>\n\t\t\t\t<\/div>\n\t\t\t\t\t<\/div>\n\t\t\t\t<\/div>\n\t\t<div class=\"elementor-element elementor-element-8c0b83f e-grid e-con-boxed e-con e-parent\" data-id=\"8c0b83f\" data-element_type=\"container\">\n\t\t\t\t\t<div class=\"e-con-inner\">\n\t\t\t\t<div class=\"elementor-element elementor-element-802667f elementor-widget elementor-widget-heading\" data-id=\"802667f\" data-element_type=\"widget\" data-widget_type=\"heading.default\">\n\t\t\t\t<div class=\"elementor-widget-container\">\n\t\t\t\t\t<h2 class=\"elementor-heading-title elementor-size-default\">Onze missie<\/h2>\t\t\t\t<\/div>\n\t\t\t\t<\/div>\n\t\t\t\t<div class=\"elementor-element elementor-element-5be92ad elementor-widget elementor-widget-heading\" data-id=\"5be92ad\" data-element_type=\"widget\" data-widget_type=\"heading.default\">\n\t\t\t\t<div class=\"elementor-widget-container\">\n\t\t\t\t\t<h2 class=\"elementor-heading-title elementor-size-default\">Onze Kernwaarden<\/h2>\t\t\t\t<\/div>\n\t\t\t\t<\/div>\n\t\t\t\t\t<\/div>\n\t\t\t\t<\/div>\n\t\t<div class=\"elementor-element elementor-element-1b97401 e-grid e-con-boxed e-con e-parent\" data-id=\"1b97401\" data-element_type=\"container\">\n\t\t\t\t\t<div class=\"e-con-inner\">\n\t\t\t\t<div class=\"elementor-element elementor-element-b629ede elementor-widget elementor-widget-text-editor\" data-id=\"b629ede\" data-element_type=\"widget\" data-widget_type=\"text-editor.default\">\n\t\t\t\t<div class=\"elementor-widget-container\">\n\t\t\t\t\t\t\t\t\t<ul><li class=\"\" data-start=\"1224\" data-end=\"1317\"><p class=\"\" data-start=\"1226\" data-end=\"1317\"><strong data-start=\"1226\" data-end=\"1241\">Veiligheid:<\/strong> Onze installaties voldoen aan de hoogste normen (zoals NEN1010 en NEN2535).<\/p><\/li><li class=\"\" data-start=\"1318\" data-end=\"1393\"><p class=\"\" data-start=\"1320\" data-end=\"1393\"><strong data-start=\"1320\" data-end=\"1340\">Betrouwbaarheid:<\/strong> Wij leveren zoals afgesproken \u2014 zonder verrassingen.<\/p><\/li><li class=\"\" data-start=\"1394\" data-end=\"1476\"><p class=\"\" data-start=\"1396\" data-end=\"1476\"><strong data-start=\"1396\" data-end=\"1418\">Snelle uitvoering:<\/strong> Dankzij onze expertise werken wij effici\u00ebnt en doordacht.<\/p><\/li><li class=\"\" data-start=\"1477\" data-end=\"1570\"><p class=\"\" data-start=\"1479\" data-end=\"1570\"><strong data-start=\"1479\" data-end=\"1504\">Volledige ontzorging:<\/strong> E\u00e9n aanspreekpunt, \u00e9\u00e9n duidelijke planning, \u00e9\u00e9n helder resultaat.<\/p><\/li><\/ul>\t\t\t\t\t\t\t\t<\/div>\n\t\t\t\t<\/div>\n\t\t\t\t<div class=\"elementor-element elementor-element-cc7d9cc elementor-widget elementor-widget-text-editor\" data-id=\"cc7d9cc\" data-element_type=\"widget\" data-widget_type=\"text-editor.default\">\n\t\t\t\t<div class=\"elementor-widget-container\">\n\t\t\t\t\t\t\t\t\t<ul data-start=\"1596\" data-end=\"1666\"><li class=\"\" data-start=\"1596\" data-end=\"1610\"><p class=\"\" data-start=\"1598\" data-end=\"1610\">Veiligheid<\/p><\/li><li class=\"\" data-start=\"1611\" data-end=\"1630\"><p class=\"\" data-start=\"1613\" data-end=\"1630\">Betrouwbaarheid<\/p><\/li><li class=\"\" data-start=\"1631\" data-end=\"1652\"><p class=\"\" data-start=\"1633\" data-end=\"1652\">Professionaliteit<\/p><\/li><li class=\"\" data-start=\"1653\" data-end=\"1666\"><p class=\"\" data-start=\"1655\" data-end=\"1666\">Effici\u00ebntie<\/p><\/li><\/ul>\t\t\t\t\t\t\t\t<\/div>\n\t\t\t\t<\/div>\n\t\t\t\t\t<\/div>\n\t\t\t\t<\/div>\n\t\t<div class=\"elementor-element elementor-element-0243439 e-flex e-con-boxed e-con e-parent\" data-id=\"0243439\" data-element_type=\"container\">\n\t\t\t\t\t<div class=\"e-con-inner\">\n\t\t\t\t<div class=\"elementor-element elementor-element-16828e2 elementor-widget elementor-widget-heading\" data-id=\"16828e2\" data-element_type=\"widget\" data-widget_type=\"heading.default\">\n\t\t\t\t<div class=\"elementor-widget-container\">\n\t\t\t\t\t<h2 class=\"elementor-heading-title elementor-size-default\">Waarom kiezen voor Fireline Elektrotechniek<\/h2>\t\t\t\t<\/div>\n\t\t\t\t<\/div>\n\t\t\t\t\t<\/div>\n\t\t\t\t<\/div>\n\t\t<div class=\"elementor-element elementor-element-9b7c9b0 e-flex e-con-boxed e-con e-parent\" data-id=\"9b7c9b0\" data-element_type=\"container\">\n\t\t\t\t\t<div class=\"e-con-inner\">\n\t\t\t\t<div class=\"elementor-element elementor-element-f7b2faa elementor-widget elementor-widget-text-editor\" data-id=\"f7b2faa\" data-element_type=\"widget\" data-widget_type=\"text-editor.default\">\n\t\t\t\t<div class=\"elementor-widget-container\">\n\t\t\t\t\t\t\t\t\t<p>\u2713 Ruim 15 jaar ervaring in elektrotechniek<br \/>\u2713 Gecertificeerde installateurs en producten<br \/>\u2713 Snelle service en 24\/7 storingsdienst<br \/>\u2713 Persoonlijke begeleiding en advies op maat<br \/>\u2713 Oplossingen voor elk type gebouw of installatie<\/p>\t\t\t\t\t\t\t\t<\/div>\n\t\t\t\t<\/div>\n\t\t\t\t\t<\/div>\n\t\t\t\t<\/div>\n\t\t\t\t<\/div>\n\t\t","protected":false},"excerpt":{"rendered":"<p>Over ons &#8211; Fireline Elektrotechniek B.V. Fireline Elektrotechniek B.V. is d\u00e9 specialist in elektrotechnische installaties en brandmeldsystemen voor bedrijven en [&hellip;]<\/p>\n","protected":false},"author":1,"featured_media":0,"parent":0,"menu_order":0,"comment_status":"closed","ping_status":"closed","template":"","meta":{"site-sidebar-layout":"no-sidebar","site-content-layout":"","ast-site-content-layout":"full-width-container","site-content-style":"default","site-sidebar-style":"default","ast-global-header-display":"","ast-banner-title-visibility":"","ast-main-header-display":"","ast-hfb-above-header-display":"","ast-hfb-below-header-display":"","ast-hfb-mobile-header-display":"","site-post-title":"disabled","ast-breadcrumbs-content":"","ast-featured-img":"disabled","footer-sml-layout":"","theme-transparent-header-meta":"","adv-header-id-meta":"","stick-header-meta":"","header-above-stick-meta":"","header-main-stick-meta":"","header-below-stick-meta":"","astra-migrate-meta-layouts":"default","ast-page-background-enabled":"default","ast-page-background-meta":{"desktop":{"background-color":"var(--ast-global-color-5)","background-image":"","background-repeat":"repeat","background-position":"center center","background-size":"auto","background-attachment":"scroll","background-type":"","background-media":"","overlay-type":"","overlay-color":"","overlay-opacity":"","overlay-gradient":""},"tablet":{"background-color":"","background-image":"","background-repeat":"repeat","background-position":"center center","background-size":"auto","background-attachment":"scroll","background-type":"","background-media":"","overlay-type":"","overlay-color":"","overlay-opacity":"","overlay-gradient":""},"mobile":{"background-color":"","background-image":"","background-repeat":"repeat","background-position":"center center","background-size":"auto","background-attachment":"scroll","background-type":"","background-media":"","overlay-type":"","overlay-color":"","overlay-opacity":"","overlay-gradient":""}},"ast-content-background-meta":{"desktop":{"background-color":"var(--ast-global-color-4)","background-image":"","background-repeat":"repeat","background-position":"center center","background-size":"auto","background-attachment":"scroll","background-type":"","background-media":"","overlay-type":"","overlay-color":"","overlay-opacity":"","overlay-gradient":""},"tablet":{"background-color":"var(--ast-global-color-4)","background-image":"","background-repeat":"repeat","background-position":"center center","background-size":"auto","background-attachment":"scroll","background-type":"","background-media":"","overlay-type":"","overlay-color":"","overlay-opacity":"","overlay-gradient":""},"mobile":{"background-color":"var(--ast-global-color-4)","background-image":"","background-repeat":"repeat","background-position":"center center","background-size":"auto","background-attachment":"scroll","background-type":"","background-media":"","overlay-type":"","overlay-color":"","overlay-opacity":"","overlay-gradient":""}},"footnotes":""},"class_list":["post-34","page","type-page","status-publish","hentry"],"yoast_head":"<!-- This site is optimized with the Yoast SEO plugin v25.2 - https:\/\/yoast.com\/wordpress\/plugins\/seo\/ -->\n<title>Over ons - Fireline Elektrotechniek<\/title>\n<meta name=\"robots\" content=\"index, follow, max-snippet:-1, max-image-preview:large, max-video-preview:-1\" \/>\n<link rel=\"canonical\" href=\"https:\/\/firelineelektrotechniek.nl\/index.php\/over-ons\/\" \/>\n<meta property=\"og:locale\" content=\"nl_NL\" \/>\n<meta property=\"og:type\" content=\"article\" \/>\n<meta property=\"og:title\" content=\"Over ons - Fireline Elektrotechniek\" \/>\n<meta property=\"og:description\" content=\"Over ons &#8211; Fireline Elektrotechniek B.V. Fireline Elektrotechniek B.V. is d\u00e9 specialist in elektrotechnische installaties en brandmeldsystemen voor bedrijven en [&hellip;]\" \/>\n<meta property=\"og:url\" content=\"https:\/\/firelineelektrotechniek.nl\/index.php\/over-ons\/\" \/>\n<meta property=\"og:site_name\" content=\"Fireline Elektrotechniek\" \/>\n<meta property=\"article:modified_time\" content=\"2025-05-05T17:26:19+00:00\" \/>\n<meta name=\"twitter:card\" content=\"summary_large_image\" \/>\n<meta name=\"twitter:label1\" content=\"Geschatte leestijd\" \/>\n\t<meta name=\"twitter:data1\" content=\"1 minuut\" \/>\n<script type=\"application\/ld+json\" class=\"yoast-schema-graph\">{\"@context\":\"https:\/\/schema.org\",\"@graph\":[{\"@type\":\"WebPage\",\"@id\":\"https:\/\/firelineelektrotechniek.nl\/index.php\/over-ons\/\",\"url\":\"https:\/\/firelineelektrotechniek.nl\/index.php\/over-ons\/\",\"name\":\"Over ons - Fireline Elektrotechniek\",\"isPartOf\":{\"@id\":\"https:\/\/firelineelektrotechniek.nl\/#website\"},\"datePublished\":\"2025-04-28T19:28:35+00:00\",\"dateModified\":\"2025-05-05T17:26:19+00:00\",\"breadcrumb\":{\"@id\":\"https:\/\/firelineelektrotechniek.nl\/index.php\/over-ons\/#breadcrumb\"},\"inLanguage\":\"nl-NL\",\"potentialAction\":[{\"@type\":\"ReadAction\",\"target\":[\"https:\/\/firelineelektrotechniek.nl\/index.php\/over-ons\/\"]}]},{\"@type\":\"BreadcrumbList\",\"@id\":\"https:\/\/firelineelektrotechniek.nl\/index.php\/over-ons\/#breadcrumb\",\"itemListElement\":[{\"@type\":\"ListItem\",\"position\":1,\"name\":\"Home\",\"item\":\"https:\/\/firelineelektrotechniek.nl\/\"},{\"@type\":\"ListItem\",\"position\":2,\"name\":\"Over ons\"}]},{\"@type\":\"WebSite\",\"@id\":\"https:\/\/firelineelektrotechniek.nl\/#website\",\"url\":\"https:\/\/firelineelektrotechniek.nl\/\",\"name\":\"Fireline Elektrotechniek\",\"description\":\"\",\"publisher\":{\"@id\":\"https:\/\/firelineelektrotechniek.nl\/#organization\"},\"potentialAction\":[{\"@type\":\"SearchAction\",\"target\":{\"@type\":\"EntryPoint\",\"urlTemplate\":\"https:\/\/firelineelektrotechniek.nl\/?s={search_term_string}\"},\"query-input\":{\"@type\":\"PropertyValueSpecification\",\"valueRequired\":true,\"valueName\":\"search_term_string\"}}],\"inLanguage\":\"nl-NL\"},{\"@type\":\"Organization\",\"@id\":\"https:\/\/firelineelektrotechniek.nl\/#organization\",\"name\":\"Fireline Elektrotechniek\",\"url\":\"https:\/\/firelineelektrotechniek.nl\/\",\"logo\":{\"@type\":\"ImageObject\",\"inLanguage\":\"nl-NL\",\"@id\":\"https:\/\/firelineelektrotechniek.nl\/#\/schema\/logo\/image\/\",\"url\":\"https:\/\/firelineelektrotechniek.nl\/wp-content\/uploads\/2025\/06\/logo-fireline.png\",\"contentUrl\":\"https:\/\/firelineelektrotechniek.nl\/wp-content\/uploads\/2025\/06\/logo-fireline.png\",\"width\":155,\"height\":155,\"caption\":\"Fireline Elektrotechniek\"},\"image\":{\"@id\":\"https:\/\/firelineelektrotechniek.nl\/#\/schema\/logo\/image\/\"}}]}<\/script>\n<!-- \/ Yoast SEO plugin. -->","yoast_head_json":{"title":"Over ons - Fireline Elektrotechniek","robots":{"index":"index","follow":"follow","max-snippet":"max-snippet:-1","max-image-preview":"max-image-preview:large","max-video-preview":"max-video-preview:-1"},"canonical":"https:\/\/firelineelektrotechniek.nl\/index.php\/over-ons\/","og_locale":"nl_NL","og_type":"article","og_title":"Over ons - Fireline Elektrotechniek","og_description":"Over ons &#8211; Fireline Elektrotechniek B.V. Fireline Elektrotechniek B.V. is d\u00e9 specialist in elektrotechnische installaties en brandmeldsystemen voor bedrijven en [&hellip;]","og_url":"https:\/\/firelineelektrotechniek.nl\/index.php\/over-ons\/","og_site_name":"Fireline Elektrotechniek","article_modified_time":"2025-05-05T17:26:19+00:00","twitter_card":"summary_large_image","twitter_misc":{"Geschatte leestijd":"1 minuut"},"schema":{"@context":"https:\/\/schema.org","@graph":[{"@type":"WebPage","@id":"https:\/\/firelineelektrotechniek.nl\/index.php\/over-ons\/","url":"https:\/\/firelineelektrotechniek.nl\/index.php\/over-ons\/","name":"Over ons - Fireline Elektrotechniek","isPartOf":{"@id":"https:\/\/firelineelektrotechniek.nl\/#website"},"datePublished":"2025-04-28T19:28:35+00:00","dateModified":"2025-05-05T17:26:19+00:00","breadcrumb":{"@id":"https:\/\/firelineelektrotechniek.nl\/index.php\/over-ons\/#breadcrumb"},"inLanguage":"nl-NL","potentialAction":[{"@type":"ReadAction","target":["https:\/\/firelineelektrotechniek.nl\/index.php\/over-ons\/"]}]},{"@type":"BreadcrumbList","@id":"https:\/\/firelineelektrotechniek.nl\/index.php\/over-ons\/#breadcrumb","itemListElement":[{"@type":"ListItem","position":1,"name":"Home","item":"https:\/\/firelineelektrotechniek.nl\/"},{"@type":"ListItem","position":2,"name":"Over ons"}]},{"@type":"WebSite","@id":"https:\/\/firelineelektrotechniek.nl\/#website","url":"https:\/\/firelineelektrotechniek.nl\/","name":"Fireline Elektrotechniek","description":"","publisher":{"@id":"https:\/\/firelineelektrotechniek.nl\/#organization"},"potentialAction":[{"@type":"SearchAction","target":{"@type":"EntryPoint","urlTemplate":"https:\/\/firelineelektrotechniek.nl\/?s={search_term_string}"},"query-input":{"@type":"PropertyValueSpecification","valueRequired":true,"valueName":"search_term_string"}}],"inLanguage":"nl-NL"},{"@type":"Organization","@id":"https:\/\/firelineelektrotechniek.nl\/#organization","name":"Fireline Elektrotechniek","url":"https:\/\/firelineelektrotechniek.nl\/","logo":{"@type":"ImageObject","inLanguage":"nl-NL","@id":"https:\/\/firelineelektrotechniek.nl\/#\/schema\/logo\/image\/","url":"https:\/\/firelineelektrotechniek.nl\/wp-content\/uploads\/2025\/06\/logo-fireline.png","contentUrl":"https:\/\/firelineelektrotechniek.nl\/wp-content\/uploads\/2025\/06\/logo-fireline.png","width":155,"height":155,"caption":"Fireline Elektrotechniek"},"image":{"@id":"https:\/\/firelineelektrotechniek.nl\/#\/schema\/logo\/image\/"}}]}},"_links":{"self":[{"href":"https:\/\/firelineelektrotechniek.nl\/index.php\/wp-json\/wp\/v2\/pages\/34","targetHints":{"allow":["GET"]}}],"collection":[{"href":"https:\/\/firelineelektrotechniek.nl\/index.php\/wp-json\/wp\/v2\/pages"}],"about":[{"href":"https:\/\/firelineelektrotechniek.nl\/index.php\/wp-json\/wp\/v2\/types\/page"}],"author":[{"embeddable":true,"href":"https:\/\/firelineelektrotechniek.nl\/index.php\/wp-json\/wp\/v2\/users\/1"}],"replies":[{"embeddable":true,"href":"https:\/\/firelineelektrotechniek.nl\/index.php\/wp-json\/wp\/v2\/comments?post=34"}],"version-history":[{"count":7,"href":"https:\/\/firelineelektrotechniek.nl\/index.php\/wp-json\/wp\/v2\/pages\/34\/revisions"}],"predecessor-version":[{"id":45,"href":"https:\/\/firelineelektrotechniek.nl\/index.php\/wp-json\/wp\/v2\/pages\/34\/revisions\/45"}],"wp:attachment":[{"href":"https:\/\/firelineelektrotechniek.nl\/index.php\/wp-json\/wp\/v2\/media?parent=34"}],"curies":[{"name":"wp","href":"https:\/\/api.w.org\/{rel}","templated":true}]}}